{"id":386,"date":"2010-11-22T20:13:46","date_gmt":"2010-11-22T20:13:46","guid":{"rendered":"http:\/\/www.das-moewenhaus.de\/index.php\/"},"modified":"2019-12-30T21:14:14","modified_gmt":"2019-12-30T20:14:14","slug":"impressionen-vom-mowenhaus","status":"publish","type":"page","link":"https:\/\/www.das-moewenhaus.de\/index.php\/impressionen-vom-mowenhaus\/","title":{"rendered":"Impressionen vom M\u00f6wenhaus"},"content":{"rendered":"<p>Das neue M\u00f6wenhaus in idyllischer und ruhiger Lage bietet alles was man f\u00fcr einen erholsamen Urlaub im kleinsten Seebad der Insel braucht. Das mit viel Liebe zum Detail eingerichtete Objekt, unterteilt in 2 Ferienwohnungen, erf\u00fcllt seinen G\u00e4sten alles was Sie von einer Ferienwohnung erwarten k\u00f6nnen. Eine gro\u00dfz\u00fcgig ausgestattete Wohnk\u00fcche mit allen modernen Annehmlichkeiten. Ein Kamin und eine gem\u00fctliche Wohnlandschaft laden zum Kuscheln ein. Die modernen B\u00e4der des Hauses verf\u00fcgen \u00fcber Dusche und WC, sowie Schlafzimmer mit Aufbettung. Auf der einladenden Sonnenterasse kann man die Seele baumeln und den Alltag hinter sich lassen. Das M\u00f6wenhaus bietet nat\u00fcrlich ganzj\u00e4hrig die M\u00f6glichkeit der Grill und Gartennutzung sowie kostenlose Fahrr\u00e4der.<\/p>\n\n\t\t<style type=\"text\/css\">\n\t\t\t#gallery-2 {\n\t\t\t\tmargin: auto;\n\t\t\t}\n\t\t\t#gallery-2 .gallery-item {\n\t\t\t\tfloat: left;\n\t\t\t\tmargin-top: 10px;\n\t\t\t\ttext-align: center;\n\t\t\t\twidth: 33%;\n\t\t\t}\n\t\t\t#gallery-2 img {\n\t\t\t\tborder: 2px solid #cfcfcf;\n\t\t\t}\n\t\t\t#gallery-2 .gallery-caption {\n\t\t\t\tmargin-left: 0;\n\t\t\t}\n\t\t\t\/* see gallery_shortcode() in wp-includes\/media.php *\/\n\t\t<\/style>\n\t\t<div id='gallery-2' class='gallery galleryid-386 gallery-columns-3 gallery-size-thumbnail'><dl class='gallery-item'>\n\t\t\t<dt class='gallery-icon landscape'>\n\t\t\t\t<a href='https:\/\/www.das-moewenhaus.de\/index.php\/groses-nest-bilder\/dsc_2713-40\/' class=\"kk-lightbox\" data-title=\"DSC_2713-40\"><img loading=\"lazy\" decoding=\"async\" width=\"240\" height=\"160\" src=\"https:\/\/www.das-moewenhaus.de\/wp-content\/uploads\/DSC_2713-40-240x160.jpg\" class=\"attachment-thumbnail size-thumbnail\" alt=\"\" srcset=\"https:\/\/www.das-moewenhaus.de\/wp-content\/uploads\/DSC_2713-40-240x160.jpg 240w, https:\/\/www.das-moewenhaus.de\/wp-content\/uploads\/DSC_2713-40-800x533.jpg 800w, https:\/\/www.das-moewenhaus.de\/wp-content\/uploads\/DSC_2713-40-768x512.jpg 768w, https:\/\/www.das-moewenhaus.de\/wp-content\/uploads\/DSC_2713-40-867x578.jpg 867w, https:\/\/www.das-moewenhaus.de\/wp-content\/uploads\/DSC_2713-40.jpg 1280w\" sizes=\"auto, (max-width: 240px) 100vw, 240px\" \/><\/a>\n\t\t\t<\/dt><\/dl><dl class='gallery-item'>\n\t\t\t<dt class='gallery-icon portrait'>\n\t\t\t\t<a href='https:\/\/www.das-moewenhaus.de\/index.php\/groses-nest-bilder\/dsc_2722-41\/' class=\"kk-lightbox\" data-title=\"DSC_2722-41\"><img loading=\"lazy\" decoding=\"async\" width=\"240\" height=\"160\" src=\"https:\/\/www.das-moewenhaus.de\/wp-content\/uploads\/DSC_2722-41-240x160.jpg\" class=\"attachment-thumbnail size-thumbnail\" alt=\"\" \/><\/a>\n\t\t\t<\/dt><\/dl><dl class='gallery-item'>\n\t\t\t<dt class='gallery-icon landscape'>\n\t\t\t\t<a href='https:\/\/www.das-moewenhaus.de\/index.php\/impressionen-vom-mowenhaus\/m01\/' class=\"kk-lightbox\" data-title=\"Impressionen von Usedom\"><img loading=\"lazy\" decoding=\"async\" width=\"240\" height=\"160\" src=\"https:\/\/www.das-moewenhaus.de\/wp-content\/uploads\/2010\/11\/m01-240x160.jpg\" class=\"attachment-thumbnail size-thumbnail\" alt=\"\" \/><\/a>\n\t\t\t<\/dt><\/dl><br style=\"clear: both\" \/><dl class='gallery-item'>\n\t\t\t<dt class='gallery-icon landscape'>\n\t\t\t\t<a href='https:\/\/www.das-moewenhaus.de\/index.php\/impressionen-vom-mowenhaus\/m02\/' class=\"kk-lightbox\" data-title=\"Impressionen von Usedom\"><img loading=\"lazy\" decoding=\"async\" width=\"240\" height=\"160\" src=\"https:\/\/www.das-moewenhaus.de\/wp-content\/uploads\/2010\/11\/m02-240x160.jpg\" class=\"attachment-thumbnail size-thumbnail\" alt=\"\" \/><\/a>\n\t\t\t<\/dt><\/dl><dl class='gallery-item'>\n\t\t\t<dt class='gallery-icon landscape'>\n\t\t\t\t<a href='https:\/\/www.das-moewenhaus.de\/index.php\/impressionen-vom-mowenhaus\/m03\/' class=\"kk-lightbox\" data-title=\"Impressionen von Usedom\"><img loading=\"lazy\" decoding=\"async\" width=\"240\" height=\"160\" src=\"https:\/\/www.das-moewenhaus.de\/wp-content\/uploads\/2010\/11\/m03-240x160.jpg\" class=\"attachment-thumbnail size-thumbnail\" alt=\"\" \/><\/a>\n\t\t\t<\/dt><\/dl><dl class='gallery-item'>\n\t\t\t<dt class='gallery-icon landscape'>\n\t\t\t\t<a href='https:\/\/www.das-moewenhaus.de\/index.php\/impressionen-vom-mowenhaus\/m06\/' class=\"kk-lightbox\" data-title=\"Impressionen von Usedom\"><img loading=\"lazy\" decoding=\"async\" width=\"240\" height=\"160\" src=\"https:\/\/www.das-moewenhaus.de\/wp-content\/uploads\/2010\/11\/m06-240x160.jpg\" class=\"attachment-thumbnail size-thumbnail\" alt=\"\" \/><\/a>\n\t\t\t<\/dt><\/dl><br style=\"clear: both\" \/><dl class='gallery-item'>\n\t\t\t<dt class='gallery-icon landscape'>\n\t\t\t\t<a href='https:\/\/www.das-moewenhaus.de\/index.php\/impressionen-vom-mowenhaus\/m07\/' class=\"kk-lightbox\" data-title=\"Impressionen von Usedom\"><img loading=\"lazy\" decoding=\"async\" width=\"240\" height=\"160\" src=\"https:\/\/www.das-moewenhaus.de\/wp-content\/uploads\/2010\/11\/m07-240x160.jpg\" class=\"attachment-thumbnail size-thumbnail\" alt=\"\" \/><\/a>\n\t\t\t<\/dt><\/dl><dl class='gallery-item'>\n\t\t\t<dt class='gallery-icon landscape'>\n\t\t\t\t<a href='https:\/\/www.das-moewenhaus.de\/index.php\/impressionen-vom-mowenhaus\/m08\/' class=\"kk-lightbox\" data-title=\"Impressionen von Usedom\"><img loading=\"lazy\" decoding=\"async\" width=\"240\" height=\"160\" src=\"https:\/\/www.das-moewenhaus.de\/wp-content\/uploads\/2010\/11\/m08-240x160.jpg\" class=\"attachment-thumbnail size-thumbnail\" alt=\"\" \/><\/a>\n\t\t\t<\/dt><\/dl><dl class='gallery-item'>\n\t\t\t<dt class='gallery-icon landscape'>\n\t\t\t\t<a href='https:\/\/www.das-moewenhaus.de\/index.php\/impressionen-vom-mowenhaus\/m11\/' class=\"kk-lightbox\" data-title=\"Impressionen von Usedom\"><img loading=\"lazy\" decoding=\"async\" width=\"240\" height=\"160\" src=\"https:\/\/www.das-moewenhaus.de\/wp-content\/uploads\/2010\/11\/m11-240x160.jpg\" class=\"attachment-thumbnail size-thumbnail\" alt=\"\" \/><\/a>\n\t\t\t<\/dt><\/dl><br style=\"clear: both\" \/><dl class='gallery-item'>\n\t\t\t<dt class='gallery-icon landscape'>\n\t\t\t\t<a href='https:\/\/www.das-moewenhaus.de\/index.php\/bernsteinbader\/dscf6373\/' class=\"kk-lightbox\" data-title=\"Bernstein\"><img loading=\"lazy\" decoding=\"async\" width=\"240\" height=\"160\" src=\"https:\/\/www.das-moewenhaus.de\/wp-content\/uploads\/2010\/11\/DSCF6373-240x160.jpg\" class=\"attachment-thumbnail size-thumbnail\" alt=\"\" \/><\/a>\n\t\t\t<\/dt><\/dl><dl class='gallery-item'>\n\t\t\t<dt class='gallery-icon landscape'>\n\t\t\t\t<a href='https:\/\/www.das-moewenhaus.de\/index.php\/lage\/banner_strand\/' class=\"kk-lightbox\" data-title=\"Ostseestrand Usedom\"><img loading=\"lazy\" decoding=\"async\" width=\"240\" height=\"160\" src=\"https:\/\/www.das-moewenhaus.de\/wp-content\/uploads\/2010\/10\/Banner_strand-240x160.jpg\" class=\"attachment-thumbnail size-thumbnail\" alt=\"Ostseestrand Usedom\" \/><\/a>\n\t\t\t<\/dt><\/dl>\n\t\t\t<br style='clear: both' \/>\n\t\t<\/div>\n\n","protected":false},"excerpt":{"rendered":"<p>Das neue M\u00f6wenhaus in idyllischer und ruhiger Lage bietet alles was man f\u00fcr einen erholsamen Urlaub im kleinsten Seebad der Insel braucht. Das mit viel Liebe zum Detail eingerichtete Objekt, unterteilt in 2 Ferienwohnungen, erf\u00fcllt seinen G\u00e4sten alles was Sie von einer Ferienwohnung erwarten k\u00f6nnen. Eine gro\u00dfz\u00fcgig ausgestattete Wohnk\u00fcche mit allen modernen Annehmlichkeiten. Ein Kamin [&hellip;]<\/p>\n","protected":false},"author":1,"featured_media":214,"parent":0,"menu_order":0,"comment_status":"closed","ping_status":"closed","template":"","meta":{"footnotes":""},"class_list":["post-386","page","type-page","status-publish","has-post-thumbnail","hentry"],"_links":{"self":[{"href":"https:\/\/www.das-moewenhaus.de\/index.php\/wp-json\/wp\/v2\/pages\/386","targetHints":{"allow":["GET"]}}],"collection":[{"href":"https:\/\/www.das-moewenhaus.de\/index.php\/wp-json\/wp\/v2\/pages"}],"about":[{"href":"https:\/\/www.das-moewenhaus.de\/index.php\/wp-json\/wp\/v2\/types\/page"}],"author":[{"embeddable":true,"href":"https:\/\/www.das-moewenhaus.de\/index.php\/wp-json\/wp\/v2\/users\/1"}],"replies":[{"embeddable":true,"href":"https:\/\/www.das-moewenhaus.de\/index.php\/wp-json\/wp\/v2\/comments?post=386"}],"version-history":[{"count":12,"href":"https:\/\/www.das-moewenhaus.de\/index.php\/wp-json\/wp\/v2\/pages\/386\/revisions"}],"predecessor-version":[{"id":878,"href":"https:\/\/www.das-moewenhaus.de\/index.php\/wp-json\/wp\/v2\/pages\/386\/revisions\/878"}],"wp:featuredmedia":[{"embeddable":true,"href":"https:\/\/www.das-moewenhaus.de\/index.php\/wp-json\/wp\/v2\/media\/214"}],"wp:attachment":[{"href":"https:\/\/www.das-moewenhaus.de\/index.php\/wp-json\/wp\/v2\/media?parent=386"}],"curies":[{"name":"wp","href":"https:\/\/api.w.org\/{rel}","templated":true}]}}

Impressionen vom Möwenhaus

<p>Das neue Möwenhaus in idyllischer und ruhiger Lage bietet alles was man für einen erholsamen Urlaub im kleinsten Seebad der Insel braucht. Das mit viel Liebe zum Detail eingerichtete Objekt, unterteilt in 2 Ferienwohnungen, erfüllt seinen Gästen alles was Sie von einer Ferienwohnung erwarten können. Eine großzügig ausgestattete Wohnküche mit allen modernen Annehmlichkeiten. Ein Kamin und eine gemütliche Wohnlandschaft laden zum Kuscheln ein. Die modernen Bäder des Hauses verfügen über Dusche und WC, sowie Schlafzimmer mit Aufbettung. Auf der einladenden Sonnenterasse kann man die Seele baumeln und den Alltag hinter sich lassen. Das Möwenhaus bietet natürlich ganzjährig die Möglichkeit der Grill und Gartennutzung sowie kostenlose Fahrräder.</p>

		<style type="text/css">
			#gallery-2 {
				margin: auto;
			}
			#gallery-2 .gallery-item {
				float: left;
				margin-top: 10px;
				text-align: center;
				width: 33%;
			}
			#gallery-2 img {
				border: 2px solid #cfcfcf;
			}
			#gallery-2 .gallery-caption {
				margin-left: 0;
			}
			/* see gallery_shortcode() in wp-includes/media.php */
		</style>
		<div id='gallery-2' class='gallery galleryid-386 gallery-columns-3 gallery-size-thumbnail'><dl class='gallery-item'>
			<dt class='gallery-icon landscape'>
				<a href='https://www.das-moewenhaus.de/index.php/groses-nest-bilder/dsc_2713-40/' class="kk-lightbox" data-title="DSC_2713-40"><img loading="lazy" decoding="async" width="240" height="160" src="https://www.das-moewenhaus.de/wp-content/uploads/DSC_2713-40-240x160.jpg" class="attachment-thumbnail size-thumbnail" alt="" srcset="https://www.das-moewenhaus.de/wp-content/uploads/DSC_2713-40-240x160.jpg 240w, https://www.das-moewenhaus.de/wp-content/uploads/DSC_2713-40-800x533.jpg 800w, https://www.das-moewenhaus.de/wp-content/uploads/DSC_2713-40-768x512.jpg 768w, https://www.das-moewenhaus.de/wp-content/uploads/DSC_2713-40-867x578.jpg 867w, https://www.das-moewenhaus.de/wp-content/uploads/DSC_2713-40.jpg 1280w" sizes="auto, (max-width: 240px) 100vw, 240px" /></a>
			</dt></dl><dl class='gallery-item'>
			<dt class='gallery-icon portrait'>
				<a href='https://www.das-moewenhaus.de/index.php/groses-nest-bilder/dsc_2722-41/' class="kk-lightbox" data-title="DSC_2722-41"><img loading="lazy" decoding="async" width="240" height="160" src="https://www.das-moewenhaus.de/wp-content/uploads/DSC_2722-41-240x160.jpg" class="attachment-thumbnail size-thumbnail" alt="" /></a>
			</dt></dl><dl class='gallery-item'>
			<dt class='gallery-icon landscape'>
				<a href='https://www.das-moewenhaus.de/index.php/impressionen-vom-mowenhaus/m01/' class="kk-lightbox" data-title="Impressionen von Usedom"><img loading="lazy" decoding="async" width="240" height="160" src="https://www.das-moewenhaus.de/wp-content/uploads/2010/11/m01-240x160.jpg" class="attachment-thumbnail size-thumbnail" alt="" /></a>
			</dt></dl><br style="clear: both" /><dl class='gallery-item'>
			<dt class='gallery-icon landscape'>
				<a href='https://www.das-moewenhaus.de/index.php/impressionen-vom-mowenhaus/m02/' class="kk-lightbox" data-title="Impressionen von Usedom"><img loading="lazy" decoding="async" width="240" height="160" src="https://www.das-moewenhaus.de/wp-content/uploads/2010/11/m02-240x160.jpg" class="attachment-thumbnail size-thumbnail" alt="" /></a>
			</dt></dl><dl class='gallery-item'>
			<dt class='gallery-icon landscape'>
				<a href='https://www.das-moewenhaus.de/index.php/impressionen-vom-mowenhaus/m03/' class="kk-lightbox" data-title="Impressionen von Usedom"><img loading="lazy" decoding="async" width="240" height="160" src="https://www.das-moewenhaus.de/wp-content/uploads/2010/11/m03-240x160.jpg" class="attachment-thumbnail size-thumbnail" alt="" /></a>
			</dt></dl><dl class='gallery-item'>
			<dt class='gallery-icon landscape'>
				<a href='https://www.das-moewenhaus.de/index.php/impressionen-vom-mowenhaus/m06/' class="kk-lightbox" data-title="Impressionen von Usedom"><img loading="lazy" decoding="async" width="240" height="160" src="https://www.das-moewenhaus.de/wp-content/uploads/2010/11/m06-240x160.jpg" class="attachment-thumbnail size-thumbnail" alt="" /></a>
			</dt></dl><br style="clear: both" /><dl class='gallery-item'>
			<dt class='gallery-icon landscape'>
				<a href='https://www.das-moewenhaus.de/index.php/impressionen-vom-mowenhaus/m07/' class="kk-lightbox" data-title="Impressionen von Usedom"><img loading="lazy" decoding="async" width="240" height="160" src="https://www.das-moewenhaus.de/wp-content/uploads/2010/11/m07-240x160.jpg" class="attachment-thumbnail size-thumbnail" alt="" /></a>
			</dt></dl><dl class='gallery-item'>
			<dt class='gallery-icon landscape'>
				<a href='https://www.das-moewenhaus.de/index.php/impressionen-vom-mowenhaus/m08/' class="kk-lightbox" data-title="Impressionen von Usedom"><img loading="lazy" decoding="async" width="240" height="160" src="https://www.das-moewenhaus.de/wp-content/uploads/2010/11/m08-240x160.jpg" class="attachment-thumbnail size-thumbnail" alt="" /></a>
			</dt></dl><dl class='gallery-item'>
			<dt class='gallery-icon landscape'>
				<a href='https://www.das-moewenhaus.de/index.php/impressionen-vom-mowenhaus/m11/' class="kk-lightbox" data-title="Impressionen von Usedom"><img loading="lazy" decoding="async" width="240" height="160" src="https://www.das-moewenhaus.de/wp-content/uploads/2010/11/m11-240x160.jpg" class="attachment-thumbnail size-thumbnail" alt="" /></a>
			</dt></dl><br style="clear: both" /><dl class='gallery-item'>
			<dt class='gallery-icon landscape'>
				<a href='https://www.das-moewenhaus.de/index.php/bernsteinbader/dscf6373/' class="kk-lightbox" data-title="Bernstein"><img loading="lazy" decoding="async" width="240" height="160" src="https://www.das-moewenhaus.de/wp-content/uploads/2010/11/DSCF6373-240x160.jpg" class="attachment-thumbnail size-thumbnail" alt="" /></a>
			</dt></dl><dl class='gallery-item'>
			<dt class='gallery-icon landscape'>
				<a href='https://www.das-moewenhaus.de/index.php/lage/banner_strand/' class="kk-lightbox" data-title="Ostseestrand Usedom"><img loading="lazy" decoding="async" width="240" height="160" src="https://www.das-moewenhaus.de/wp-content/uploads/2010/10/Banner_strand-240x160.jpg" class="attachment-thumbnail size-thumbnail" alt="Ostseestrand Usedom" /></a>
			</dt></dl>
			<br style='clear: both' />
		</div>

<p>Das neue Möwenhaus in idyllischer und ruhiger Lage bietet alles was man für einen erholsamen Urlaub im kleinsten Seebad der Insel braucht. Das mit viel Liebe zum Detail eingerichtete Objekt, unterteilt in 2 Ferienwohnungen, erfüllt seinen Gästen alles was Sie von einer Ferienwohnung erwarten können. Eine großzügig ausgestattete Wohnküche mit allen modernen Annehmlichkeiten. Ein Kamin [&hellip;]</p>
